at is the units digit of r?
5
Suppose 5*p - 20 = -0. What is the units digit of 57/p - 5/20?
4
Let q be (6 + -5)*14/2. Let n = q - 6. Suppose 2 = s - n. What is the units digit of s?
3
Let c(t) = -t + 12. Let b be c(10). Suppose u - 6 = 3*u - 4*r, -b*u + 22 = 3*r. What is the units digit of u?
5
Let k(g) = -g**3 - 13*g**2 - 15*g - 6. What is the units digit of k(-12)?
0
Let q(g) = 8*g**2 + g + 2. Let z be q(-2). Suppose 3*v + k = 27, 5*v + 3*k - 9 - z = 0. What is the tens digit of v?
1
Let f(w) = -w**3 + 8*w**2 - 5*w + 7. Let h be f(7). Suppose 6*u = 7*u - h. What is the units digit of u?
1
Let l(j) = -24*j - 86. What is the units digit of l(-16)?
8
Suppose -4*w = -2*n - 236, -304 = -3*w - 2*w - 2*n. What is the units digit of (-12)/(-10) - 12/w?
1
Suppose -4*o = -v - 103, -4*o = 2*v - 4*v - 98. What is the tens digit of o?
2
Suppose -7 - 23 = -5*m. Let w(d) = 2*d**2 - 9*d + 4. Let y be w(m). Suppose -2*p + y = 4*x, 5*x + 25 = p - 0*p. What is the tens digit of p?
1
Suppose 30 = 3*o + 3*h + 3, -2*o + 14 = h. What is the units digit of o?
5
Let u = 53 + -38. Let c = u - -12. What is the units digit of c?
7
Let v(c) = c**3 + 8*c**2 - 3*c + 6. What is the tens digit of v(-8)?
3
What is the tens digit of ((-67)/(-4))/((-7)/(-28))?
6
Let k = 93 + -50. What is the tens digit of k?
4
Let q(y) = -y**3 + 3*y**2 + 6*y - 7. Let o be q(3). Let n = 0 + 2. Let c = n + o. What is the units digit of c?
3
What is the tens digit of (262 + 0)/(-24 - -25)?
6
Suppose 2*a - 22 = 3*a - 5*u, 0 = 4*a + 5*u - 37. Suppose 5*x - 15 = 0, 3*x - 17 = a*s - 4*s. What is the units digit of s?
8
Let h(j) = j**2 - 2*j - 3. Suppose -7 = -3*y + 5*k, -2*y - 9 - 8 = k. Let a be h(y). Let z = a + -31. What is the units digit of z?
4
Let o be (16/(-2))/((-4)/2). Let v be 1 + (o - (3 + 0)). Let d = v + 8. What is the tens digit of d?
1
What is the tens digit of -1 + 236 + 2 + 2?
3
Let g(s) = s**2 + 2*s + 3. Let d(x) = x - 6. Let a be d(4). Let p be g(a). What is the units digit of (-1)/p + (-10)/(-3)?
3
Suppose -6 - 9 = 3*v, 4*z + 4*v + 16 = 0. What is the units digit of -2 + z + (2 - -3)?
4
Let r be 2/3 - (-48)/36. Suppose -w - 3*w + 2*b = -26, -r*b - 10 = 0. What is the units digit of w?
4
Let x = -8 - -12. Let d = 1 + x. What is the units digit of d?
5
Suppose 24 = -0*f + 2*f + 5*s, 3*s = f - 1. Suppose -4*v + 4*b = -68, 2*b + 85 = f*v - 2*v. What is the units digit of v?
7
Suppose 2*r - 3*r + 3 = 0. Suppose 0 = r*u - 0*u - 105. What is the units digit of u?
5
Suppose 0 = -2*o - 5*y + 14, 5*o - 69 = 5*y + 1. What is the units digit of o?
2
Let h = -180 + 320. What is the units digit of h?
0
Let m(h) be the second derivative of h**7/2520 - h**6/360 - h**5/40 - h**4/6 - 2*h. Let v(i) be the third derivative of m(i). What is the units digit of v(-2)?
5
Let v(p) = p**2 - 4*p. Let q be v(0). Let o = -5 + 1. Let t = q - o. What is the units digit of t?
4
Let c be (4/6)/((-5)/(-420)). Let a = c - 37. What is the units digit of a?
9
Let v(c) = -6*c**2 + c**3 - 8 + 9*c + 0 - c**2 - 1. Let j be -2*(6/(-2) + 0). What is the units digit of v(j)?
9
Suppose -m - 15 = 2*x - 4, 3*m = -x - 33. Let p = m - -20. What is the units digit of p?
9
Suppose -3*j = -r + 59, 0*r + 3*j - 241 = -5*r. What is the tens digit of r + 2 - -1*2?
5
Suppose 0*o = -4*y + 2*o + 6, -y = o. Let q(h) = 2*h**3 - h**2 + 2*h - 1. Let m be q(y). What is the units digit of m/(-8) + (-50)/(-8)?
6
Let m = -16 - -88. What is the tens digit of m?
7
Let t(j) = j**2 - 1. Let g be t(-1). Suppose g = 2*l - 0*r - 5*r + 8, -r - 47 = 5*l. Let d = -4 - l. What is the units digit of d?
5
Suppose -6*w + 2244 = 570. What is the units digit of w?
9
Suppose -5*t = -4 - 106. Suppose -t = -2*b + 5*j, -3*j + 14 + 4 = 4*b. What is the units digit of b?
6
Suppose -4*f - x = f - 20, 20 = -4*x. Suppose f*g = 121 - 31. What is the tens digit of g?
1
Let o(j) = -12*j**2 - j + 3 + 2 - 3. Let z be o(-2). Let a = -27 - z. What is the units digit of a?
7
Suppose d = 6 - 0. Let a(z) = 5*z - z - d*z**2 + 2*z - 3*z**3 + 4*z**3 + 4. What is the units digit of a(5)?
9
Let d(b) = -9*b**3 - b**2 - b - 1. Suppose -5*a + 0*p + 3*p = 2, 3*p = -3. Let c be -1*2/(-2)*a. What is the units digit of d(c)?
8
Let f(p) = p**2 + 4 - 2*p**2 + 10*p - 3. Let r be 3/(-2)*(-42)/9*1. What is the tens digit of f(r)?
2
Suppose -2*g = -2*n - 30, -2*n + 1 = 11. Let t(d) = -10*d + g*d + d**2 + 1. What is the units digit of t(-2)?
5
Suppose -4*m = -m + 18. What is the units digit of m/15 + 351/15?
3
Suppose 4*u + 5*f - 3*f = 12, 0 = 4*u - f - 12. Suppose 115 - 25 = u*h. What is the units digit of h?
0
Suppose -2*g - 84 = -2*x - 6*g, 4*x - 171 = -5*g. What is the tens digit of x?
4
Let l = 26 - 29. Suppose -3*d + 15 = 0, -5*v + 5*d = 15 + 15. What is the units digit of v/l - 224/(-12)?
9
Let j = -4 + 16. Let u = j + -7. Suppose -2*q + u*r + 19 + 5 = 0, -q - r + 5 = 0. What is the units digit of q?
7
Let c(r) = -r**3 + 12*r**2 - 29*r - 11. What is the tens digit of c(8)?
1
Let y(v) = 91*v + 2. What is the tens digit of y(2)?
8
Let r = 3 + -7. Let l = 6 + r. What is the units digit of l*3*12/9?
8
Let y = -137 - -259. What is the units digit of y?
2
Let z(i) = -6*i - 2. Let k be z(2). Let p = 29 + k. What is the tens digit of p?
1
Let l(n) = -n - 4. Let g be l(-9). Suppose -g*m + 73 = 4*y, -12 = -3*y + m + 19. What is the tens digit of y?
1
Let y(c) = 52*c**3 + c**2 - 1. Let v be y(1). Suppose -78 = 5*a + v. What is the units digit of (4 - a)/(0 + 2)?
5
Suppose 0 = 2*r - g - 19, -29 = r - 5*r - g. Suppose 0 = 14*k - 12*k - 14. Suppose k + r = 5*b. What is the units digit of b?
3
Let y be 2/(-10) - (-1)/5. Suppose y = 8*a - 248 - 112. What is the tens digit of a?
4
Let z be 2*2 + 3 + -4. Suppose 5*f + z + 1 = d, 0 = 2*f. Suppose 0 = d*s + s - 60. What is the units digit of s?
2
Let m be 0 - (2 + -4) - -5. What is the units digit of 2/m - 66/(-14)?
5
Let a(z) = 3*z**3 - 5*z**2 + 3*z + 3. Let u be a(3). Suppose -2*i - u = -5*i. What is the units digit of i?
6
What is the hundreds digit of ((80/6)/(-2))/(26/(-429))?
1
Suppose 2*y - 22 = q, -4*q = -3*y + q + 40. What is the tens digit of y?
1
Let v(g) = -26*g**3 + g**2 - 1. Let j be v(-1). Let d = j - 16. What is the tens digit of d?
1
Let k(q) = 7*q**2 + q. Suppose -7 = -3*f - 5*l, 8*f - 3*f + 2*l + 1 = 0. What is the units digit of k(f)?
6
Suppose 0*i = -5*i + 240. What is the tens digit of i?
4
Let w be (-1)/(-1) + 1/(-1). Suppose w = -x - 3*x + 12. Suppose x*g - 6 = 6. What is the units digit of g?
4
Let x(j) = -6*j + 15. What is the units digit of x(-8)?
3
Let d = 1 - -18. What is the tens digit of d?
1
Suppose 3*c = 3*z - 303, -3*z + c + 313 = -0*z. What is the units digit of z?
6
Let u(f) = -f + 7. Let x be u(11). What is the units digit of 9/7 + x/14?
1
Let w(k) = k**2 - 6*k + 7. Let l be w(5). Let p(t) = -l - 4*t**2 - 1 + 3*t**2 + 9*t. What is the units digit of p(8)?
5
What is the units digit of ((-8)/6)/(1/(-3))?
4
Let q(d) = 1 - 2*d**2 + 3*d**2 + 0*d - d. What is the units digit of q(3)?
7
Suppose -3*s = -3*n + 6, 3*s - 2 = 2*n + 4*s. Suppose t = -t, -3*h + 3*t + 12 = n. What is the units digit of 15/10 + (-2)/h?
1
Suppose s - q - 21 = 0, 3*s - 53 = 4*q + 12. What is the tens digit of s?
1
Let g be (-9)/(-7) + (-4)/14. Let i be 2/(-4)*-6*g. What is the units digit of -1*(6/i - 11)?
9
Let r be 1*(-2 - (-3 + -52)). Let y = 85 - r. What is the units digit of y?
2
Suppose 0*b - 3*b = -321. What is the tens digit of b?
0
Let n(x) be the first derivative of 2 - 1/2*x**2 + 0*x. What is the units digit of n(-8)?
8
Suppose 5*r + p = 129, r - 2*p = 6*r - 128. What is the units digit of r?
6
Let p(y) = y**3 + 9*y**2 + 8*y + 8. Let t be p(-8). Suppose -6*a + 2*a - t = 0. What is the units digit of -2 - -8*(-4)/a?
4
Let h = 3 + 0. Let c = -5 + h. What is the units digit of (c - -2 - -2) + -1?
1
Suppose 5*d - 3*g - 536 = 0, 105 = d + 3*g + 5. What is the units digit of d?
6
Let l = 14 - 6. What is the units digit of l?
8
Let f(l) = -l**3 - 6*l**2 - 2*l - 17. What is the tens digit of f(-7)?
4
Suppose -5*p - 83 = -4*h - 4*p, 20 = 4*p. Suppose -u - 10 = 2*k, 3*u - k - 2*k = -57. Let t = u + h. What is the units digit of t?
6
Suppose -a - 6 = -2*t - 0*t, t - 25 = -5*a. Suppose 0 = -2*d - t - 5. Let l = -3 - d. What is the units digit of l?
2
Let